{"id":6071,"date":"2023-07-22T15:58:45","date_gmt":"2023-07-22T13:58:45","guid":{"rendered":"https:\/\/kapitularz.pl\/?page_id=6071"},"modified":"2023-07-22T15:58:45","modified_gmt":"2023-07-22T13:58:45","slug":"dzien-po-najczarniejszej-nocy","status":"publish","type":"page","link":"http:\/\/archiwum.kapitularz.pl\/index.php\/dzien-po-najczarniejszej-nocy\/","title":{"rendered":"DZIE\u0143 PO NAJCZARNIEJSZEJ NOCY"},"content":{"rendered":"\n<p>Antologia \u015bwiate\u0142 po wyj\u015bciu z tunelu<\/p>\n\n\n\n<div class=\"wp-block-media-text alignwide is-stacked-on-mobile\"><figure class=\"wp-block-media-text__media\"><img decoding=\"async\" src=\"https:\/\/kapitularz.pl\/wp-content\/uploads\/2023\/07\/mala_okladka.jpg\" alt=\"\" class=\"wp-image-6072 size-full\"\/><\/figure><div class=\"wp-block-media-text__content\">\n<p>Podczas tegorocznego festiwalu Kapitularz b\u0119dzie mia\u0142a miejsce premiera antologii opowiada\u0144 <em>Dzie\u0144 po najczarniejszej nocy<\/em>. Znajdziecie w niej dziewi\u0119\u0107 tekst\u00f3w eksploruj\u0105cych r\u00f3\u017cne warianty tytu\u0142owego has\u0142a. Opowie\u015bci o spojrzeniu na pope\u0142nione b\u0142\u0119dy, o powrocie do siebie, o radzeniu sobie z tym co najtrudniejsze.<\/p>\n\n\n\n<p>Z czterdziestu nades\u0142anych do nas opowiada\u0144, wybrali\u015bmy dziewi\u0119\u0107, pokazuj\u0105cych r\u00f3\u017cne aspekty tego, czym mo\u017ce by\u0107 dzie\u0144 po najczarniejszej nocy. Znajdziecie tutaj r\u00f3\u017cne historie \u2013 od wsp\u00f3\u0142czesnych tre\u015bci obyczajowych, przez wycieczki w dalek\u0105 przysz\u0142o\u015b\u0107, a\u017c po si\u0119gni\u0119cie do \u015bwiat\u00f3w magii i fantazji. Mam nadziej\u0119, \u017ce docenicie tak\u0105 wypraw\u0119 pomi\u0119dzy r\u00f3\u017cnymi gatunkami. Czasami mam wra\u017cenie, \u017ce nadmierne przywi\u0105zanie do gatunk\u00f3w potrafi zgubi\u0107 wiele tre\u015bci i dopiero przyjrzenie si\u0119 jakiemu\u015b tematowi przez r\u00f3\u017cne okulary pozwala dojrze\u0107 o wiele wi\u0119cej.<\/p>\n<\/div><\/div>\n\n\n\n<p>Planujemy przygotowa\u0107 ograniczony nak\u0142ad ksi\u0105\u017cki w klasycznej wersji papierowej. Ksi\u0105\u017ck\u0119 b\u0119dzie mo\u017cna naby\u0107 podczas Kapitularza, ale w niewielkiej liczbie sztuk. Dlatego te\u017c zach\u0119camy do dokonania preorderu \u2013 ka\u017cdy, kto zam\u00f3wi sw\u00f3j egzemplarz, otrzyma go podczas Kapitularza, mo\u017cemy r\u00f3wnie\u017c przes\u0142a\u0107 go na wskazany adres.<\/p>\n\n\n\n<p>Publikacja \u2013 podobnie jak ca\u0142y Kapitularz \u2013 jest ca\u0142kowicie non-profit. Wp\u0142ywy z preorderu w ca\u0142o\u015bci zostan\u0105 przeznaczone na pokrycie koszt\u00f3w druku.<\/p>\n\n\n\n<p>Zam\u00f3wienia b\u0119dziemy przyjmowa\u0107 do 28 lipca.<\/p>\n\n\n\n<p>Szczeg\u00f3\u0142owe informacje na temat zam\u00f3wie\u0144 dost\u0119pne w formularzu \u2013&nbsp;<a rel=\"noreferrer noopener\" target=\"_blank\" href=\"https:\/\/tinyurl.com\/preorder-antologia23?fbclid=IwAR1J0whY8FX5V-e9wu9qKLJAGU9LK_8PqYEuVj3wlFyPw5ilQ-N1h7mlON4\">https:\/\/tinyurl.com\/preorder-antologia23<\/a><\/p>\n\n\n\n<p><em>Dzie\u0144 po najczarniejszej nocy<\/em><\/p>\n\n\n\n<p>Opowiadania:<br>Joanna Krystyna Radosz \u2013 Ostatnie zadanie Franciszki<br>Anna Karnicka \u2013<em> Koniec wakacji<\/em><br>Adrianna Filimonowicz \u2013 <em>To niewa\u017cne<\/em><br>Dariusz Jacek Bednarczyk \u2013 <em>Nim wzejdzie styczniowe s\u0142o\u0144ce<\/em><br>Sabina Bacior-Chadry\u015b \u2013 <em>Pantha Rhei<\/em><br>Martyna Paw\u0142owska-Dymek \u2013<em> My\u015bli awaryjne<\/em><br>Istvan Vizvary \u2013 <em>By\u0142o warto<\/em><br>Anastazja Pluta \u2013 <em>Dzie\u0144, kt\u00f3rego mia\u0142o nie by\u0107<\/em><br>Micha\u0142 Pi\u0119ta \u2013 <em>Tylko nostalgia<\/em><\/p>\n\n\n\n<p>Redakcja i sk\u0142ad\u2013 Tomasz Koz\u0142owski<br>Redakcja \u2013 Micha\u0142 Bo\u0144czyk<br>Korekta \u2013 Anita Rambo<br>Ok\u0142adka \u2013 Illustration 149640509 \u00a9 Torky |&nbsp;<a rel=\"noreferrer noopener\" target=\"_blank\" href=\"https:\/\/l.facebook.com\/l.php?u=http%3A%2F%2FDreamstime.com%2F%3Ffbclid%3DIwAR3Oc3jPIi3GfxRpnkUdoohGjNSOxRuy6KW4F-9mm5PECqw_8-kHphhoGts&amp;h=AT0hBY8hpSXqCE_-wbvZcqVDKYsjV1c2FvH5otImvYulTi-vIM2kHzoc3gshlNYP2Iw5LZ3A9FqbDE3E0KryxalLkqfpRfs3lCIXNMEOaYTNbWIlwAVsmPKC3WYfbi0lhAXv&amp;__tn__=q&amp;c[0]=AT3dJ4HVmEXFHo1i8cV7OwZTl4-CdDkhV6NtMCWiiiHaDFbIlLgHHq7Tz5DkuvMEdAEZpFA9i87FFHgT3xkjD3rC7cy7NatKDdwWE1haWXx2-hWRYFx5oMR588goKDXwTCHypBP-Q4IFZMC002laFhoN6PDa\">Dreamstime.com<\/a><\/p>\n","protected":false},"excerpt":{"rendered":"<div class=\"entry-summary\">\nAntologia \u015bwiate\u0142 po wyj\u015bciu z tunelu Podczas tegorocznego festiwalu Kapitularz b\u0119dzie mia\u0142a miejsce premiera antologii opowiada\u0144 Dzie\u0144 po najczarniejszej nocy.&hellip;\n<\/div>\n<div class=\"link-more\"><a href=\"http:\/\/archiwum.kapitularz.pl\/index.php\/dzien-po-najczarniejszej-nocy\/\" class=\"more-link\">Continue reading<span class=\"screen-reader-text\"> &ldquo;DZIE\u0143 PO NAJCZARNIEJSZEJ NOCY&rdquo;<\/span>&hellip;<\/a><\/div>\n","protected":false},"author":1,"featured_media":0,"parent":0,"menu_order":0,"comment_status":"closed","ping_status":"closed","template":"","meta":[],"acf":[],"_links":{"self":[{"href":"http:\/\/archiwum.kapitularz.pl\/index.php\/wp-json\/wp\/v2\/pages\/6071"}],"collection":[{"href":"http:\/\/archiwum.kapitularz.pl\/index.php\/wp-json\/wp\/v2\/pages"}],"about":[{"href":"http:\/\/archiwum.kapitularz.pl\/index.php\/wp-json\/wp\/v2\/types\/page"}],"author":[{"embeddable":true,"href":"http:\/\/archiwum.kapitularz.pl\/index.php\/wp-json\/wp\/v2\/users\/1"}],"replies":[{"embeddable":true,"href":"http:\/\/archiwum.kapitularz.pl\/index.php\/wp-json\/wp\/v2\/comments?post=6071"}],"version-history":[{"count":0,"href":"http:\/\/archiwum.kapitularz.pl\/index.php\/wp-json\/wp\/v2\/pages\/6071\/revisions"}],"wp:attachment":[{"href":"http:\/\/archiwum.kapitularz.pl\/index.php\/wp-json\/wp\/v2\/media?parent=6071"}],"curies":[{"name":"wp","href":"https:\/\/api.w.org\/{rel}","templated":true}]}}

DZIEŃ PO NAJCZARNIEJSZEJ NOCY

<p>Antologia świateł po wyjściu z tunelu</p>



<div class="wp-block-media-text alignwide is-stacked-on-mobile"><figure class="wp-block-media-text__media"><img decoding="async" src="https://kapitularz.pl/wp-content/uploads/2023/07/mala_okladka.jpg" alt="" class="wp-image-6072 size-full"/></figure><div class="wp-block-media-text__content">
<p>Podczas tegorocznego festiwalu Kapitularz będzie miała miejsce premiera antologii opowiadań <em>Dzień po najczarniejszej nocy</em>. Znajdziecie w niej dziewięć tekstów eksplorujących różne warianty tytułowego hasła. Opowieści o spojrzeniu na popełnione błędy, o powrocie do siebie, o radzeniu sobie z tym co najtrudniejsze.</p>



<p>Z czterdziestu nadesłanych do nas opowiadań, wybraliśmy dziewięć, pokazujących różne aspekty tego, czym może być dzień po najczarniejszej nocy. Znajdziecie tutaj różne historie – od współczesnych treści obyczajowych, przez wycieczki w daleką przyszłość, aż po sięgnięcie do światów magii i fantazji. Mam nadzieję, że docenicie taką wyprawę pomiędzy różnymi gatunkami. Czasami mam wrażenie, że nadmierne przywiązanie do gatunków potrafi zgubić wiele treści i dopiero przyjrzenie się jakiemuś tematowi przez różne okulary pozwala dojrzeć o wiele więcej.</p>
</div></div>



<p>Planujemy przygotować ograniczony nakład książki w klasycznej wersji papierowej. Książkę będzie można nabyć podczas Kapitularza, ale w niewielkiej liczbie sztuk. Dlatego też zachęcamy do dokonania preorderu – każdy, kto zamówi swój egzemplarz, otrzyma go podczas Kapitularza, możemy również przesłać go na wskazany adres.</p>



<p>Publikacja – podobnie jak cały Kapitularz – jest całkowicie non-profit. Wpływy z preorderu w całości zostaną przeznaczone na pokrycie kosztów druku.</p>



<p>Zamówienia będziemy przyjmować do 28 lipca.</p>



<p>Szczegółowe informacje na temat zamówień dostępne w formularzu –&nbsp;<a rel="noreferrer noopener" target="_blank" href="https://tinyurl.com/preorder-antologia23?fbclid=IwAR1J0whY8FX5V-e9wu9qKLJAGU9LK_8PqYEuVj3wlFyPw5ilQ-N1h7mlON4">https://tinyurl.com/preorder-antologia23</a></p>



<p><em>Dzień po najczarniejszej nocy</em></p>



<p>Opowiadania:<br>Joanna Krystyna Radosz – Ostatnie zadanie Franciszki<br>Anna Karnicka –<em> Koniec wakacji</em><br>Adrianna Filimonowicz – <em>To nieważne</em><br>Dariusz Jacek Bednarczyk – <em>Nim wzejdzie styczniowe słońce</em><br>Sabina Bacior-Chadryś – <em>Pantha Rhei</em><br>Martyna Pawłowska-Dymek –<em> Myśli awaryjne</em><br>Istvan Vizvary – <em>Było warto</em><br>Anastazja Pluta – <em>Dzień, którego miało nie być</em><br>Michał Pięta – <em>Tylko nostalgia</em></p>



<p>Redakcja i skład– Tomasz Kozłowski<br>Redakcja – Michał Bończyk<br>Korekta – Anita Rambo<br>Okładka – Illustration 149640509 © Torky |&nbsp;<a rel="noreferrer noopener" target="_blank" href="https://l.facebook.com/l.php?u=http%3A%2F%2FDreamstime.com%2F%3Ffbclid%3DIwAR3Oc3jPIi3GfxRpnkUdoohGjNSOxRuy6KW4F-9mm5PECqw_8-kHphhoGts&amp;h=AT0hBY8hpSXqCE_-wbvZcqVDKYsjV1c2FvH5otImvYulTi-vIM2kHzoc3gshlNYP2Iw5LZ3A9FqbDE3E0KryxalLkqfpRfs3lCIXNMEOaYTNbWIlwAVsmPKC3WYfbi0lhAXv&amp;__tn__=q&amp;c[0]=AT3dJ4HVmEXFHo1i8cV7OwZTl4-CdDkhV6NtMCWiiiHaDFbIlLgHHq7Tz5DkuvMEdAEZpFA9i87FFHgT3xkjD3rC7cy7NatKDdwWE1haWXx2-hWRYFx5oMR588goKDXwTCHypBP-Q4IFZMC002laFhoN6PDa">Dreamstime.com</a></p>

<div class="entry-summary">
Antologia świateł po wyjściu z tunelu Podczas tegorocznego festiwalu Kapitularz będzie miała miejsce premiera antologii opowiadań Dzień po najczarniejszej nocy.&hellip;
</div>
<div class="link-more"><a href="http://archiwum.kapitularz.pl/index.php/dzien-po-najczarniejszej-nocy/" class="more-link">Continue reading<span class="screen-reader-text"> &ldquo;DZIEŃ PO NAJCZARNIEJSZEJ NOCY&rdquo;</span>&hellip;</a></div>
